{"id":82,"date":"2022-10-28T14:57:45","date_gmt":"2022-10-28T14:57:45","guid":{"rendered":"https:\/\/losprimerosfuegos.com\/?page_id=82"},"modified":"2022-11-26T18:10:46","modified_gmt":"2022-11-26T18:10:46","slug":"blog","status":"publish","type":"page","link":"https:\/\/losprimerosfuegos.com\/index.php\/blog\/","title":{"rendered":"Lecturas"},"content":{"rendered":"\t\t<div data-elementor-type=\"wp-page\" data-elementor-id=\"82\" class=\"elementor elementor-82\">\n\t\t\t\t\t\t\t\t\t<section class=\"elementor-section elementor-top-section elementor-element elementor-element-2cb459f2 elementor-section-boxed elementor-section-height-default elementor-section-height-default\" data-id=\"2cb459f2\" data-element_type=\"section\">\n\t\t\t\t\t\t<div class=\"elementor-container elementor-column-gap-default\">\n\t\t\t\t\t<div class=\"elementor-column elementor-col-100 elementor-top-column elementor-element elementor-element-1ec75543\" data-id=\"1ec75543\" data-element_type=\"column\">\n\t\t\t<div class=\"elementor-widget-wrap elementor-element-populated\">\n\t\t\t\t\t\t\t\t<div class=\"elementor-element elementor-element-59924cc0 animated-slow elementor-invisible elementor-widget elementor-widget-heading\" data-id=\"59924cc0\" data-element_type=\"widget\" data-settings=\"{&quot;_animation&quot;:&quot;fadeInLeft&quot;}\" data-widget_type=\"heading.default\">\n\t\t\t\t<div class=\"elementor-widget-container\">\n\t\t\t<style>\/*! elementor - v3.7.1 - 14-08-2022 *\/\n.elementor-heading-title{padding:0;margin:0;line-height:1}.elementor-widget-heading .elementor-heading-title[class*=elementor-size-]>a{color:inherit;font-size:inherit;line-height:inherit}.elementor-widget-heading .elementor-heading-title.elementor-size-small{font-size:15px}.elementor-widget-heading .elementor-heading-title.elementor-size-medium{font-size:19px}.elementor-widget-heading .elementor-heading-title.elementor-size-large{font-size:29px}.elementor-widget-heading .elementor-heading-title.elementor-size-xl{font-size:39px}.elementor-widget-heading .elementor-heading-title.elementor-size-xxl{font-size:59px}<\/style><h4 class=\"elementor-heading-title elementor-size-default\">Textos que vas a recordar que le\u00edste. <\/h4>\t\t<\/div>\n\t\t\t\t<\/div>\n\t\t\t\t<div class=\"elementor-element elementor-element-37ab86ff elementor-grid-3 elementor-grid-tablet-2 elementor-grid-mobile-1 elementor-posts--align-left elementor-widget elementor-widget-blogmentor_blog_posts\" data-id=\"37ab86ff\" data-element_type=\"widget\" data-settings=\"{&quot;bm_grid_columns&quot;:&quot;3&quot;,&quot;bm_grid_columns_tablet&quot;:&quot;2&quot;,&quot;bm_grid_columns_mobile&quot;:&quot;1&quot;,&quot;post_card_grid_gap&quot;:{&quot;unit&quot;:&quot;px&quot;,&quot;size&quot;:10,&quot;sizes&quot;:[]},&quot;post_card_row_gap&quot;:{&quot;unit&quot;:&quot;px&quot;,&quot;size&quot;:35,&quot;sizes&quot;:[]}}\" data-widget_type=\"blogmentor_blog_posts.default\">\n\t\t\t\t<div class=\"elementor-widget-container\">\n\t\t\t\t\t\n\t\t\t\t\t\t\t\t<div class=\"bm-blog-posts-wrapper\" >\n\t\t\t\t\t\t\t<div class=\"bm-blog-posts bm-display-grid elementor-grid elementor-grid-3\" >\n\t\t\t\t<!-- Start Blog Layout 2 -->\n\t<div class=\"grid-item grid-style-2\">\n\t\t<div class=\"grid-item-wrapper bm_content_box\">\n\t\t\t<div class=\"grid-item-container\">\n\t\t\t\t<div class=\"grid-image entry-post-image\">\n\t\t\t\t\t<div class=\"bm-post-image clearfix bm-hover-effect bm-hover-effect-opacity\">\n\t\t\t\t\t\t<img width=\"1024\" height=\"683\" src=\"https:\/\/losprimerosfuegos.com\/wp-content\/uploads\/2026\/01\/Portada-rectangular-blog-1.jpg\" class=\"attachment-large size-large wp-post-image\" alt=\"El precio a pagar\" decoding=\"async\" loading=\"lazy\" srcset=\"https:\/\/losprimerosfuegos.com\/wp-content\/uploads\/2026\/01\/Portada-rectangular-blog-1.jpg 1024w, https:\/\/losprimerosfuegos.com\/wp-content\/uploads\/2026\/01\/Portada-rectangular-blog-1-300x200.jpg 300w, https:\/\/losprimerosfuegos.com\/wp-content\/uploads\/2026\/01\/Portada-rectangular-blog-1-768x512.jpg 768w\" sizes=\"(max-width: 1024px) 100vw, 1024px\" \/>\t\t\t\t\t<\/div>\n\t\t\t\t<\/div>\n\t\t\t\t<div class=\"bm-blog-post-content bm_content_box\">\n\t\t\t\t\t<h4 class=\"item-title bm_title\"><a href=\"https:\/\/losprimerosfuegos.com\/index.php\/2026\/01\/03\/el-precio-a-pagar\/\" rel=\"bookmark\">El precio a pagar<\/a><\/h4>\t\t\t\t\t<div class=\"item-excerpt bm_content\">\n\t\t\t\t\t\u00bfCu\u00e1l es el precio que se puede pagar por un cuerpo?\t\t\t\t\t<\/div>\n\t\t\t\t\t<div class=\"items-meta bm_meta\">\n\t\t\t\t\t\t\t\t\t\t<\/div>\n\t\t\t\t<\/div>\n\t\t\t<\/div>\n\t\t<\/div>\n\t<\/div>\n\t<div class=\"grid-item grid-style-2\">\n\t\t<div class=\"grid-item-wrapper bm_content_box\">\n\t\t\t<div class=\"grid-item-container\">\n\t\t\t\t<div class=\"grid-image entry-post-image\">\n\t\t\t\t\t<div class=\"bm-post-image clearfix bm-hover-effect bm-hover-effect-opacity\">\n\t\t\t\t\t\t<img width=\"1024\" height=\"683\" src=\"https:\/\/losprimerosfuegos.com\/wp-content\/uploads\/2024\/12\/Miguel-Ortega.jpg\" class=\"attachment-large size-large wp-post-image\" alt=\"\" decoding=\"async\" loading=\"lazy\" srcset=\"https:\/\/losprimerosfuegos.com\/wp-content\/uploads\/2024\/12\/Miguel-Ortega.jpg 1024w, https:\/\/losprimerosfuegos.com\/wp-content\/uploads\/2024\/12\/Miguel-Ortega-300x200.jpg 300w, https:\/\/losprimerosfuegos.com\/wp-content\/uploads\/2024\/12\/Miguel-Ortega-768x512.jpg 768w\" sizes=\"(max-width: 1024px) 100vw, 1024px\" \/>\t\t\t\t\t<\/div>\n\t\t\t\t<\/div>\n\t\t\t\t<div class=\"bm-blog-post-content bm_content_box\">\n\t\t\t\t\t<h4 class=\"item-title bm_title\"><a href=\"https:\/\/losprimerosfuegos.com\/index.php\/2024\/12\/12\/ceniza-y-tierra\/\" rel=\"bookmark\">Ceniza y tierra<\/a><\/h4>\t\t\t\t\t<div class=\"item-excerpt bm_content\">\n\t\t\t\t\tDos breves textos conmovedores en tono de despedida.\t\t\t\t\t<\/div>\n\t\t\t\t\t<div class=\"items-meta bm_meta\">\n\t\t\t\t\t\t\t\t\t\t<\/div>\n\t\t\t\t<\/div>\n\t\t\t<\/div>\n\t\t<\/div>\n\t<\/div>\n\t<div class=\"grid-item grid-style-2\">\n\t\t<div class=\"grid-item-wrapper bm_content_box\">\n\t\t\t<div class=\"grid-item-container\">\n\t\t\t\t<div class=\"grid-image entry-post-image\">\n\t\t\t\t\t<div class=\"bm-post-image clearfix bm-hover-effect bm-hover-effect-opacity\">\n\t\t\t\t\t\t<img width=\"1024\" height=\"683\" src=\"https:\/\/losprimerosfuegos.com\/wp-content\/uploads\/2024\/12\/Natalia-fernandez.jpg\" class=\"attachment-large size-large wp-post-image\" alt=\"Natalia escribe en su diario con amor y sinceridad.\" decoding=\"async\" loading=\"lazy\" srcset=\"https:\/\/losprimerosfuegos.com\/wp-content\/uploads\/2024\/12\/Natalia-fernandez.jpg 1024w, https:\/\/losprimerosfuegos.com\/wp-content\/uploads\/2024\/12\/Natalia-fernandez-300x200.jpg 300w, https:\/\/losprimerosfuegos.com\/wp-content\/uploads\/2024\/12\/Natalia-fernandez-768x512.jpg 768w\" sizes=\"(max-width: 1024px) 100vw, 1024px\" \/>\t\t\t\t\t<\/div>\n\t\t\t\t<\/div>\n\t\t\t\t<div class=\"bm-blog-post-content bm_content_box\">\n\t\t\t\t\t<h4 class=\"item-title bm_title\"><a href=\"https:\/\/losprimerosfuegos.com\/index.php\/2024\/12\/12\/estoy-aqui-escribiendo-en-mi-diario\/\" rel=\"bookmark\">Estoy aqu\u00ed escribiendo en mi diario<\/a><\/h4>\t\t\t\t\t<div class=\"item-excerpt bm_content\">\n\t\t\t\t\tNatalia escribe en su diario con amor y sinceridad.\t\t\t\t\t<\/div>\n\t\t\t\t\t<div class=\"items-meta bm_meta\">\n\t\t\t\t\t\t\t\t\t\t<\/div>\n\t\t\t\t<\/div>\n\t\t\t<\/div>\n\t\t<\/div>\n\t<\/div>\n\t<div class=\"grid-item grid-style-2\">\n\t\t<div class=\"grid-item-wrapper bm_content_box\">\n\t\t\t<div class=\"grid-item-container\">\n\t\t\t\t<div class=\"grid-image entry-post-image\">\n\t\t\t\t\t<div class=\"bm-post-image clearfix bm-hover-effect bm-hover-effect-opacity\">\n\t\t\t\t\t\t<img width=\"1024\" height=\"683\" src=\"https:\/\/losprimerosfuegos.com\/wp-content\/uploads\/2024\/12\/Portada-rectangular-blog.jpg\" class=\"attachment-large size-large wp-post-image\" alt=\"\" decoding=\"async\" loading=\"lazy\" srcset=\"https:\/\/losprimerosfuegos.com\/wp-content\/uploads\/2024\/12\/Portada-rectangular-blog.jpg 1024w, https:\/\/losprimerosfuegos.com\/wp-content\/uploads\/2024\/12\/Portada-rectangular-blog-300x200.jpg 300w, https:\/\/losprimerosfuegos.com\/wp-content\/uploads\/2024\/12\/Portada-rectangular-blog-768x512.jpg 768w\" sizes=\"(max-width: 1024px) 100vw, 1024px\" \/>\t\t\t\t\t<\/div>\n\t\t\t\t<\/div>\n\t\t\t\t<div class=\"bm-blog-post-content bm_content_box\">\n\t\t\t\t\t<h4 class=\"item-title bm_title\"><a href=\"https:\/\/losprimerosfuegos.com\/index.php\/2024\/12\/09\/bucolicas\/\" rel=\"bookmark\">Buc\u00f3licas<\/a><\/h4>\t\t\t\t\t<div class=\"item-excerpt bm_content\">\n\t\t\t\t\tA veces lo mejor de un paseo por la naturaleza son las ganas de volver a casa.\t\t\t\t\t<\/div>\n\t\t\t\t\t<div class=\"items-meta bm_meta\">\n\t\t\t\t\t\t\t\t\t\t<\/div>\n\t\t\t\t<\/div>\n\t\t\t<\/div>\n\t\t<\/div>\n\t<\/div>\n\t<div class=\"grid-item grid-style-2\">\n\t\t<div class=\"grid-item-wrapper bm_content_box\">\n\t\t\t<div class=\"grid-item-container\">\n\t\t\t\t<div class=\"grid-image entry-post-image\">\n\t\t\t\t\t<div class=\"bm-post-image clearfix bm-hover-effect bm-hover-effect-opacity\">\n\t\t\t\t\t\t<img width=\"1024\" height=\"683\" src=\"https:\/\/losprimerosfuegos.com\/wp-content\/uploads\/2023\/01\/Portada-rectangular-guido.png\" class=\"attachment-large size-large wp-post-image\" alt=\"imagen de omblgo con piercing y la leyenda Guido Rumitti\" decoding=\"async\" loading=\"lazy\" srcset=\"https:\/\/losprimerosfuegos.com\/wp-content\/uploads\/2023\/01\/Portada-rectangular-guido.png 1024w, https:\/\/losprimerosfuegos.com\/wp-content\/uploads\/2023\/01\/Portada-rectangular-guido-300x200.png 300w, https:\/\/losprimerosfuegos.com\/wp-content\/uploads\/2023\/01\/Portada-rectangular-guido-768x512.png 768w\" sizes=\"(max-width: 1024px) 100vw, 1024px\" \/>\t\t\t\t\t<\/div>\n\t\t\t\t<\/div>\n\t\t\t\t<div class=\"bm-blog-post-content bm_content_box\">\n\t\t\t\t\t<h4 class=\"item-title bm_title\"><a href=\"https:\/\/losprimerosfuegos.com\/index.php\/2023\/01\/30\/estudios-sobre-el-ombligo\/\" rel=\"bookmark\">Estudios sobre el ombligo<\/a><\/h4>\t\t\t\t\t<div class=\"item-excerpt bm_content\">\n\t\t\t\t\t\u00bfPor qu\u00e9 el ombligo tiene un nombre especial, que lo diferencia del resto de las cicatrices? \u00bfCu\u00e1ntos ombligos hay en este momento un kil\u00f3metro a<a href=\"https:\/\/losprimerosfuegos.com\/index.php\/2023\/01\/30\/estudios-sobre-el-ombligo\/\" rel=\"bookmark\" class=\"more-info entry-read-more\">Leer m\u00e1s...<\/a>\t\t\t\t\t<\/div>\n\t\t\t\t\t<div class=\"items-meta bm_meta\">\n\t\t\t\t\t\t\t\t\t\t<\/div>\n\t\t\t\t<\/div>\n\t\t\t<\/div>\n\t\t<\/div>\n\t<\/div>\n\t<div class=\"grid-item grid-style-2\">\n\t\t<div class=\"grid-item-wrapper bm_content_box\">\n\t\t\t<div class=\"grid-item-container\">\n\t\t\t\t<div class=\"grid-image entry-post-image\">\n\t\t\t\t\t<div class=\"bm-post-image clearfix bm-hover-effect bm-hover-effect-opacity\">\n\t\t\t\t\t\t<img width=\"1024\" height=\"683\" src=\"https:\/\/losprimerosfuegos.com\/wp-content\/uploads\/2022\/12\/portada-lecciones-de-navegacion.png\" class=\"attachment-large size-large wp-post-image\" alt=\"\" decoding=\"async\" loading=\"lazy\" srcset=\"https:\/\/losprimerosfuegos.com\/wp-content\/uploads\/2022\/12\/portada-lecciones-de-navegacion.png 1024w, https:\/\/losprimerosfuegos.com\/wp-content\/uploads\/2022\/12\/portada-lecciones-de-navegacion-300x200.png 300w, https:\/\/losprimerosfuegos.com\/wp-content\/uploads\/2022\/12\/portada-lecciones-de-navegacion-768x512.png 768w\" sizes=\"(max-width: 1024px) 100vw, 1024px\" \/>\t\t\t\t\t<\/div>\n\t\t\t\t<\/div>\n\t\t\t\t<div class=\"bm-blog-post-content bm_content_box\">\n\t\t\t\t\t<h4 class=\"item-title bm_title\"><a href=\"https:\/\/losprimerosfuegos.com\/index.php\/2022\/12\/20\/lecciones-de-navegacion\/\" rel=\"bookmark\">Lecciones de navegaci\u00f3n<\/a><\/h4>\t\t\t\t\t<div class=\"item-excerpt bm_content\">\n\t\t\t\t\t\u00bfQu\u00e9 tan lejos se puede llegar con una habilidad que aprendemos desde cero? Micaela Mart\u00ednez aprende a navegar y llega muy lejos.\t\t\t\t\t<\/div>\n\t\t\t\t\t<div class=\"items-meta bm_meta\">\n\t\t\t\t\t\t\t\t\t\t<\/div>\n\t\t\t\t<\/div>\n\t\t\t<\/div>\n\t\t<\/div>\n\t<\/div>\n\t<div class=\"grid-item grid-style-2\">\n\t\t<div class=\"grid-item-wrapper bm_content_box\">\n\t\t\t<div class=\"grid-item-container\">\n\t\t\t\t<div class=\"grid-image entry-post-image\">\n\t\t\t\t\t<div class=\"bm-post-image clearfix bm-hover-effect bm-hover-effect-opacity\">\n\t\t\t\t\t\t<img width=\"1024\" height=\"683\" src=\"https:\/\/losprimerosfuegos.com\/wp-content\/uploads\/2022\/12\/Portada-sofia-eger.png\" class=\"attachment-large size-large wp-post-image\" alt=\"Sof\u00eda Eger\" decoding=\"async\" loading=\"lazy\" srcset=\"https:\/\/losprimerosfuegos.com\/wp-content\/uploads\/2022\/12\/Portada-sofia-eger.png 1024w, https:\/\/losprimerosfuegos.com\/wp-content\/uploads\/2022\/12\/Portada-sofia-eger-300x200.png 300w, https:\/\/losprimerosfuegos.com\/wp-content\/uploads\/2022\/12\/Portada-sofia-eger-768x512.png 768w\" sizes=\"(max-width: 1024px) 100vw, 1024px\" \/>\t\t\t\t\t<\/div>\n\t\t\t\t<\/div>\n\t\t\t\t<div class=\"bm-blog-post-content bm_content_box\">\n\t\t\t\t\t<h4 class=\"item-title bm_title\"><a href=\"https:\/\/losprimerosfuegos.com\/index.php\/2022\/12\/01\/artesania\/\" rel=\"bookmark\">Artesan\u00eda<\/a><\/h4>\t\t\t\t\t<div class=\"item-excerpt bm_content\">\n\t\t\t\t\tLa sensibilidad de unas manos que tejen para abrigar y otras que remueven la tierra para crecer, dos artesan\u00edas que se entrelazan en las palabras<a href=\"https:\/\/losprimerosfuegos.com\/index.php\/2022\/12\/01\/artesania\/\" rel=\"bookmark\" class=\"more-info entry-read-more\">Leer m\u00e1s...<\/a>\t\t\t\t\t<\/div>\n\t\t\t\t\t<div class=\"items-meta bm_meta\">\n\t\t\t\t\t\t\t\t\t\t<\/div>\n\t\t\t\t<\/div>\n\t\t\t<\/div>\n\t\t<\/div>\n\t<\/div>\n\t<div class=\"grid-item grid-style-2\">\n\t\t<div class=\"grid-item-wrapper bm_content_box\">\n\t\t\t<div class=\"grid-item-container\">\n\t\t\t\t<div class=\"grid-image entry-post-image\">\n\t\t\t\t\t<div class=\"bm-post-image clearfix bm-hover-effect bm-hover-effect-opacity\">\n\t\t\t\t\t\t<img width=\"1024\" height=\"683\" src=\"https:\/\/losprimerosfuegos.com\/wp-content\/uploads\/2022\/11\/texto-valentina-lamas.png\" class=\"attachment-large size-large wp-post-image\" alt=\"Valentina Lamas. Algo sobre lo que hacer pie\" decoding=\"async\" loading=\"lazy\" srcset=\"https:\/\/losprimerosfuegos.com\/wp-content\/uploads\/2022\/11\/texto-valentina-lamas.png 1024w, https:\/\/losprimerosfuegos.com\/wp-content\/uploads\/2022\/11\/texto-valentina-lamas-300x200.png 300w, https:\/\/losprimerosfuegos.com\/wp-content\/uploads\/2022\/11\/texto-valentina-lamas-768x512.png 768w\" sizes=\"(max-width: 1024px) 100vw, 1024px\" \/>\t\t\t\t\t<\/div>\n\t\t\t\t<\/div>\n\t\t\t\t<div class=\"bm-blog-post-content bm_content_box\">\n\t\t\t\t\t<h4 class=\"item-title bm_title\"><a href=\"https:\/\/losprimerosfuegos.com\/index.php\/2022\/11\/22\/algo-sobre-lo-que-hacer-pie\/\" rel=\"bookmark\">Algo sobre lo que hacer pie<\/a><\/h4>\t\t\t\t\t<div class=\"item-excerpt bm_content\">\n\t\t\t\t\tValentina Lamas se pregunta por qu\u00e9 lo s\u00f3lido a veces deja de sostenernos, si es que alguna vez lo hizo.\t\t\t\t\t<\/div>\n\t\t\t\t\t<div class=\"items-meta bm_meta\">\n\t\t\t\t\t\t\t\t\t\t<\/div>\n\t\t\t\t<\/div>\n\t\t\t<\/div>\n\t\t<\/div>\n\t<\/div>\n\t<div class=\"grid-item grid-style-2\">\n\t\t<div class=\"grid-item-wrapper bm_content_box\">\n\t\t\t<div class=\"grid-item-container\">\n\t\t\t\t<div class=\"grid-image entry-post-image\">\n\t\t\t\t\t<div class=\"bm-post-image clearfix bm-hover-effect bm-hover-effect-opacity\">\n\t\t\t\t\t\t<img width=\"1024\" height=\"683\" src=\"https:\/\/losprimerosfuegos.com\/wp-content\/uploads\/2022\/11\/Copia-de-Portada-Tatiana-.png\" class=\"attachment-large size-large wp-post-image\" alt=\"Tatiana Cibelli\" decoding=\"async\" loading=\"lazy\" srcset=\"https:\/\/losprimerosfuegos.com\/wp-content\/uploads\/2022\/11\/Copia-de-Portada-Tatiana-.png 1024w, https:\/\/losprimerosfuegos.com\/wp-content\/uploads\/2022\/11\/Copia-de-Portada-Tatiana--300x200.png 300w, https:\/\/losprimerosfuegos.com\/wp-content\/uploads\/2022\/11\/Copia-de-Portada-Tatiana--768x512.png 768w\" sizes=\"(max-width: 1024px) 100vw, 1024px\" \/>\t\t\t\t\t<\/div>\n\t\t\t\t<\/div>\n\t\t\t\t<div class=\"bm-blog-post-content bm_content_box\">\n\t\t\t\t\t<h4 class=\"item-title bm_title\"><a href=\"https:\/\/losprimerosfuegos.com\/index.php\/2022\/11\/22\/un-amarre-poderosisimo-tatiana-cibelli\/\" rel=\"bookmark\">Un amarre poderos\u00edsimo<\/a><\/h4>\t\t\t\t\t<div class=\"item-excerpt bm_content\">\n\t\t\t\t\tEn estas prosas breves, Tatiana Cibelli explora las posibilidades de armar y desarmar un texto, una historia, una imagen o una familia.\t\t\t\t\t<\/div>\n\t\t\t\t\t<div class=\"items-meta bm_meta\">\n\t\t\t\t\t\t\t\t\t\t<\/div>\n\t\t\t\t<\/div>\n\t\t\t<\/div>\n\t\t<\/div>\n\t<\/div>\n\t\t\n<!-- End Blog Layout 2 -->\n\t\t\t\t<\/div><\/div>\n\t\t\t\t\t\t<\/div>\n\t\t\t\t<\/div>\n\t\t\t\t\t<\/div>\n\t\t<\/div>\n\t\t\t\t\t\t\t<\/div>\n\t\t<\/section>\n\t\t\t\t<section class=\"elementor-section elementor-top-section elementor-element elementor-element-828c648 elementor-section-boxed elementor-section-height-default elementor-section-height-default\" data-id=\"828c648\" data-element_type=\"section\">\n\t\t\t\t\t\t<div class=\"elementor-container elementor-column-gap-default\">\n\t\t\t\t\t<div class=\"elementor-column elementor-col-100 elementor-top-column elementor-element elementor-element-3e1f0f2\" data-id=\"3e1f0f2\" data-element_type=\"column\">\n\t\t\t<div class=\"elementor-widget-wrap elementor-element-populated\">\n\t\t\t\t\t\t\t\t<div class=\"elementor-element elementor-element-f07c967 elementor-widget elementor-widget-heading\" data-id=\"f07c967\" data-element_type=\"widget\" data-widget_type=\"heading.default\">\n\t\t\t\t<div class=\"elementor-widget-container\">\n\t\t\t<h4 class=\"elementor-heading-title elementor-size-default\">\u00bfQuer\u00e9s leer poes\u00eda?<\/h4>\t\t<\/div>\n\t\t\t\t<\/div>\n\t\t\t\t\t<\/div>\n\t\t<\/div>\n\t\t\t\t\t\t\t<\/div>\n\t\t<\/section>\n\t\t\t\t<section class=\"elementor-section elementor-top-section elementor-element elementor-element-2409ed6 elementor-section-boxed elementor-section-height-default elementor-section-height-default\" data-id=\"2409ed6\" data-element_type=\"section\">\n\t\t\t\t\t\t<div class=\"elementor-container elementor-column-gap-default\">\n\t\t\t\t\t<div class=\"elementor-column elementor-col-100 elementor-top-column elementor-element elementor-element-fd07654\" data-id=\"fd07654\" data-element_type=\"column\">\n\t\t\t<div class=\"elementor-widget-wrap elementor-element-populated\">\n\t\t\t\t\t\t\t\t<div class=\"elementor-element elementor-element-f815282 elementor-align-center elementor-widget elementor-widget-button\" data-id=\"f815282\" data-element_type=\"widget\" data-widget_type=\"button.default\">\n\t\t\t\t<div class=\"elementor-widget-container\">\n\t\t\t\t\t<div class=\"elementor-button-wrapper\">\n\t\t\t<a href=\"https:\/\/losprimerosfuegos.com\/index.php\/publicaciones\/\" class=\"elementor-button-link elementor-button elementor-size-sm\" role=\"button\">\n\t\t\t\t\t\t<span class=\"elementor-button-content-wrapper\">\n\t\t\t\t\t\t<span class=\"elementor-button-text\">Poemarios para descargar<\/span>\n\t\t<\/span>\n\t\t\t\t\t<\/a>\n\t\t<\/div>\n\t\t\t\t<\/div>\n\t\t\t\t<\/div>\n\t\t\t\t\t<\/div>\n\t\t<\/div>\n\t\t\t\t\t\t\t<\/div>\n\t\t<\/section>\n\t\t\t\t\t\t\t<\/div>\n\t\t","protected":false},"excerpt":{"rendered":"<p>Textos que vas a recordar que le\u00edste. Algo sobre lo que hacer pie Valentina Lamas se pregunta por qu\u00e9 lo s\u00f3lido a veces deja de sostenernos, si es que alguna vez lo hizo. Un amarre poderos\u00edsimo En estas prosas breves, Tatiana Cibelli explora las posibilidades de armar y desarmar un texto, una historia, una imagen &hellip;<\/p>\n<p class=\"read-more\"> <a class=\"\" href=\"https:\/\/losprimerosfuegos.com\/index.php\/2022\/11\/22\/un-amarre-poderosisimo-tatiana-cibelli\/\"> <span class=\"screen-reader-text\">Un amarre poderos\u00edsimo<\/span> Leer m\u00e1s &raquo;<\/a><\/p>\n","protected":false},"author":1,"featured_media":0,"parent":0,"menu_order":0,"comment_status":"closed","ping_status":"closed","template":"","meta":{"om_disable_all_campaigns":false,"_monsterinsights_skip_tracking":false,"_monsterinsights_sitenote_active":false,"_monsterinsights_sitenote_note":"","_monsterinsights_sitenote_category":0,"site-sidebar-layout":"no-sidebar","site-content-layout":"page-builder","ast-global-header-display":"","ast-main-header-display":"","ast-hfb-above-header-display":"","ast-hfb-below-header-display":"","ast-hfb-mobile-header-display":"","site-post-title":"disabled","ast-breadcrumbs-content":"","ast-featured-img":"disabled","footer-sml-layout":"","theme-transparent-header-meta":"","adv-header-id-meta":"","stick-header-meta":"","header-above-stick-meta":"","header-main-stick-meta":"","header-below-stick-meta":""},"aioseo_notices":[],"_links":{"self":[{"href":"https:\/\/losprimerosfuegos.com\/index.php\/wp-json\/wp\/v2\/pages\/82"}],"collection":[{"href":"https:\/\/losprimerosfuegos.com\/index.php\/wp-json\/wp\/v2\/pages"}],"about":[{"href":"https:\/\/losprimerosfuegos.com\/index.php\/wp-json\/wp\/v2\/types\/page"}],"author":[{"embeddable":true,"href":"https:\/\/losprimerosfuegos.com\/index.php\/wp-json\/wp\/v2\/users\/1"}],"replies":[{"embeddable":true,"href":"https:\/\/losprimerosfuegos.com\/index.php\/wp-json\/wp\/v2\/comments?post=82"}],"version-history":[{"count":30,"href":"https:\/\/losprimerosfuegos.com\/index.php\/wp-json\/wp\/v2\/pages\/82\/revisions"}],"predecessor-version":[{"id":549,"href":"https:\/\/losprimerosfuegos.com\/index.php\/wp-json\/wp\/v2\/pages\/82\/revisions\/549"}],"wp:attachment":[{"href":"https:\/\/losprimerosfuegos.com\/index.php\/wp-json\/wp\/v2\/media?parent=82"}],"curies":[{"name":"wp","href":"https:\/\/api.w.org\/{rel}","templated":true}]}}